{"id":2,"date":"2026-01-12T22:15:24","date_gmt":"2026-01-12T21:15:24","guid":{"rendered":"http:\/\/localhost\/?page_id=2"},"modified":"2026-01-18T19:01:38","modified_gmt":"2026-01-18T18:01:38","slug":"zkusebni-stranka","status":"publish","type":"page","link":"https:\/\/mvasek.cloud\/?page_id=2","title":{"rendered":"Otev\u0159en\u00e9 okno je p\u0159\u00edle\u017eitost"},"content":{"rendered":"\n<p>Doma kut\u00edm, abych se nezbl\u00e1znil. Pokud byste v\u011bd\u011bli o n\u011bjak\u00e9 pracovn\u00ed p\u0159\u00edle\u017eitosti v oborech zubn\u00ed l\u00e9ka\u0159stv\u00ed &#8211; zdravotn\u00ed poji\u0161\u0165ovny &#8211; IT syst\u00e9my, \u010di n\u011bjak\u00e1 f\u00faze, ur\u010dit\u011b dejte v\u011bd\u011bt. Za posledn\u00ed dobu jsem se o Linux OS dozv\u011bd\u011bl v\u00edce ne\u017e na cel\u00e9 st\u0159edn\u00ed \u0161kole. Asi jako prvn\u00ed m\u011bs\u00edc ve skute\u010dn\u00e9 pr\u00e1ci &#8211; ordinaci ne\u017e za celou dobu studia na univerzit\u011b. Je bohu\u017eel ne\u0161var, \u017ee student ve sv\u00fdch 18 letech u maturity by se m\u011bl rozhodnout, co by m\u011bl d\u011blat cel\u00fd \u017eivot a j\u00e1 si nejsem jist\u00fd, zda jsem se trefil. Ale i kdybych d\u011blal cokoliv, titul <em><strong>MDDr.<\/strong><\/em> vypad\u00e1 hezky.<\/p>\n\n\n\n<p><em>P\u0159\u00edle\u017eitost ponechat vzkaz autorovi:<\/em><\/p>\n\n\n\n<blockquote class=\"wp-block-quote is-layout-flow wp-block-quote-is-layout-flow\">\n<p><a href=\"http:\/\/vzkazpro.mvasek.cloud\">http:\/\/vzkazpro.mvasek.cloud<\/a><\/p>\n<\/blockquote>\n\n\n\n<p><\/p>\n","protected":false},"excerpt":{"rendered":"<p>Doma kut\u00edm, abych se nezbl\u00e1znil. Pokud byste v\u011bd\u011bli o n\u011bjak\u00e9 pracovn\u00ed p\u0159\u00edle\u017eitosti v oborech zubn\u00ed l\u00e9ka\u0159stv\u00ed &#8211; zdravotn\u00ed poji\u0161\u0165ovny &#8211; IT syst\u00e9my, \u010di n\u011bjak\u00e1 f\u00faze, ur\u010dit\u011b dejte v\u011bd\u011bt. Za posledn\u00ed dobu jsem se o Linux OS dozv\u011bd\u011bl v\u00edce ne\u017e na cel\u00e9 st\u0159edn\u00ed \u0161kole. Asi jako prvn\u00ed m\u011bs\u00edc ve skute\u010dn\u00e9 pr\u00e1ci &#8211; ordinaci ne\u017e za celou [&hellip;]<\/p>\n","protected":false},"author":1,"featured_media":0,"parent":0,"menu_order":0,"comment_status":"closed","ping_status":"open","template":"","meta":{"footnotes":""},"class_list":["post-2","page","type-page","status-publish","hentry"],"_links":{"self":[{"href":"https:\/\/mvasek.cloud\/index.php?rest_route=\/wp\/v2\/pages\/2","targetHints":{"allow":["GET"]}}],"collection":[{"href":"https:\/\/mvasek.cloud\/index.php?rest_route=\/wp\/v2\/pages"}],"about":[{"href":"https:\/\/mvasek.cloud\/index.php?rest_route=\/wp\/v2\/types\/page"}],"author":[{"embeddable":true,"href":"https:\/\/mvasek.cloud\/index.php?rest_route=\/wp\/v2\/users\/1"}],"replies":[{"embeddable":true,"href":"https:\/\/mvasek.cloud\/index.php?rest_route=%2Fwp%2Fv2%2Fcomments&post=2"}],"version-history":[{"count":3,"href":"https:\/\/mvasek.cloud\/index.php?rest_route=\/wp\/v2\/pages\/2\/revisions"}],"predecessor-version":[{"id":73,"href":"https:\/\/mvasek.cloud\/index.php?rest_route=\/wp\/v2\/pages\/2\/revisions\/73"}],"wp:attachment":[{"href":"https:\/\/mvasek.cloud\/index.php?rest_route=%2Fwp%2Fv2%2Fmedia&parent=2"}],"curies":[{"name":"wp","href":"https:\/\/api.w.org\/{rel}","templated":true}]}}